2. Let r(k) = 10*k**2 - 19*k**2 + k**3 + g*k**2 + 3*k - 2. Give r(2).
4
Suppose 2*n + 28 = -z - 17, -4*z - 12 = 0. Let o be (-13)/(-2) - n/(-14). Let l(v) = -v**2 + 4*v. Calculate l(o).
-5
Let m be -7*9/((-252)/40). Let r(g) = -g**2 + 10*g - 8. Give r(m).
-8
Let w(d) = -d + 9. Let p be w(7). Let a = 8 - p. Let n(c) be the second derivative of -c**4/12 + 7*c**3/6 - 2*c**2 + 22*c. Determine n(a).
2
Suppose -28*u + 30*u - g = 28, 12 = -3*g. Let z(m) = m**2 - 12*m - 12. Calculate z(u).
-12
Let s(n) be the third derivative of -n**7/840 + n**6/45 + 3*n**5/40 - n**4/3 + 7*n**3/3 + 15*n**2. Let u(y) be the first derivative of s(y). Give u(9).
-8
Let b(q) = -15*q**3 + 2*q**2 - 1. Suppose -2*v = -4*z - 2, -5*z - 4 = 4*v - 5*v. What is b(v)?
16
Suppose -11 = 5*w - 21. Let q(x) = -24*x + 19. Let g(k) = -12*k + 9. Let j(m) = -13*g(m) + 6*q(m). Give j(w).
21
Let l(m) = 577*m - m**2 - 582*m + 24 - 29. Calculate l(-2).
1
Let z(y) = 7 + 79*y - 34*y - 51*y. Give z(5).
-23
Let w(q) = -3*q - 1. Let f(i) = -i**3 - 17*i**2 - i - 19. Suppose -4*t + 2*p - 32 = 0, -4 = -4*p + 5*p. Let c be t/60 + 101/(-6). Let o be f(c). Give w(o).
5
Suppose -2*w - 48 = w. Let y = w + 12. Let j(k) = k + 7. Give j(y).
3
Let k(l) be the first derivative of -1/3*l**3 + 11 + l + 2*l**2. Give k(4).
1
Let i(j) = 19*j**2 - 10*j + 15*j - 17*j**2 + 9 + 1 + j**3. Calculate i(-3).
-14
Let i(y) be the third derivative of -y**6/60 + y**5/60 + y**4/12 + y**3/6 - y**2 - 51. Let q(f) = f**3 + 11*f**2 + 11*f + 12. Let m be q(-10). Calculate i(m).
-7
Let o(i) = -i**3 + 729*i - 3 + 733*i - 1462*i. What is o(-3)?
24
Let t(y) = y + 3*y + 3 - 2*y + 8*y**2. Let k(h) = -h**2 - h. Let a(r) = -6*k(r) - t(r). Suppose -n + 3 - 1 = 4*j, -5*n + 10 = -4*j. Determine a(n).
-3
Let q(g) = -3*g**3 - 3*g**2 + g - 8. Let o(y) = -2*y**3 - 3*y**2 + y - 7. Let c(d) = 4*o(d) - 3*q(d). Let f = -57 + 61. What is c(f)?
16
Let h(p) = p**3 - p - 17*p**2 + 1 + 13 + 9. Give h(17).
6
Let f(t) = 3*t - 2. Let d = 17 - 2. Let g be 7/7*(-13 - -1). Let k = g + d. Calculate f(k).
7
Let p be -5*1/2*-2. Let q = p - 2. Suppose 0*c - q*c = 0. Let k(s) = -s**2 - s - 5. What is k(c)?
-5
Let y = 1773 + -1768. Let d(o) = -2*o + 9. Calculate d(y).
-1
Let d(f) = f**3 + 6 + 5*f + 0*f - 2*f + 5*f**2. Let r(p) = p**3 - 25*p**2 - 82*p - 60. Let w be r(28). Determine d(w).
10
Let a(f) = -f**3 - 11*f**2 + 3*f + 24. Let m(j) = -j**3 - 42*j**2 + j + 31. Let n be m(-42). Calculate a(n).
-9
Suppose -22 = 93*r + 45*r + 806. Let t(l) = -2*l**2 + 5*l + 2. Let s(k) = -k**2. Let u(x) = 3*s(x) - t(x). Calculate u(r).
-8
Let k(f) = -6319*f - 6314*f + 12632*f - f**2. Give k(1).
-2
Let q(s) be the second derivative of -s**4/12 - s**2/2 + 24*s. Let u(n) = -n**3 + 5*n**2 - 8*n - 6. Let h(p) = -3*q(p) + u(p). What is h(6)?
21
Let t(a) be the second derivative of a**6/120 + a**5/20 + a**4/12 - 16*a**2 + 16*a. Let q(i) be the first derivative of t(i). Determine q(-3).
-6
Let o(q) = -41 + 68 + 5*q - q**2 + 0*q - 32 + 3*q. Determine o(8).
-5
Let g(h) be the third derivative of h**6/120 + h**5/5 + h**4/24 + 4*h**3/3 + 4*h**2. Suppose -3*n + 2*n = 4*t + 4, 0 = -3*n + 4*t - 44. Calculate g(n).
-4
Let l(w) = -7*w**2 + 2*w - 1. Suppose 25 = g - 5*y, 0 = -2*g - g + 4*y + 20. Suppose 4*s + 72 - 76 = g. What is l(s)?
-6
Let i(f) = -f + 7. Let m(q) = 6*q - 19. Let o be m(14). Let s be o/9 + (-14)/63. Calculate i(s).
0
Let s(h) be the second derivative of -h**4/12 + h**3 + h**2/2 - h. Let k = -84 + 89. Suppose -z - 10 - 25 = -k*a, -a + 2*z + 16 = 0. Calculate s(a).
1
Let f(v) = -v**3 - v**2 + v + 1. Let n(z) = -4*z**3 - 5*z**2 + 6*z + 7. Let m(l) = 11*f(l) - 2*n(l). What is m(-2)?
19
Let f(l) be the second derivative of -l**6/180 - l**5/60 - 29*l**3/6 + 43*l - 2. Let r(q) be the second derivative of f(q). Calculate r(-2).
-4
Let q(b) = 3*b**2 + 2935*b - 5876*b + 2940*b. Let v be 1*(2 - 2 - -1). Give q(v).
2
Let s = 224 + -133. Suppose -4*h + s = 9*h. Let k(n) = n**2 - 10*n + 4. Calculate k(h).
-17
Let w = 2 - 0. Suppose -w*j + 5 = -3*j. Let v(m) be the second derivative of m**3/6 - 3*m**2/2 + 478*m. Give v(j).
-8
Let y(k) = 5*k**3 - k. Suppose -2*s = -3*d + 6, 0 = 10*d - 7*d - s - 6. Give y(d).
38
Let c be (3/(-6))/(6/(-12)). Let d(m) = -5*m**3 + m. Give d(c).
-4
Let k(x) = 5*x**2 + 7*x + 2 - 4 - 4*x**2. Let q be (-46)/(-14) - (-20)/(-70). Suppose -q*p - 18 = -h, -5*h + 24 = -2*p - 2*p. Determine k(p).
-8
Suppose 4 = -d + 4*a + 5, 0 = d - a - 1. Let z be -8 + (d - 8/(-4)). Let u be (-10)/(-4)*(-4)/z. Let x(i) = i**3 - 5*i**2 + 3*i. Determine x(u).
-6
Let p(u) = -2*u**2 - 5*u - 3. Suppose -3*j + c = 34, j + 10 = -0*j - c. Let q = 23 + j. Let s be ((-6)/5)/(q/30). Give p(s).
-6
Let v(i) = 7*i**3 + i**2 + i - 1. Suppose 0 = -4*w - 3*x + 3, 5*x = -5*w + x + 3. Suppose 12*z - 15 = -w*z. What is v(z)?
8
Suppose -3*c = -8*c - 65. Let p = c - -19. Let s be 4 + (2 - p) + 3. Let n(z) = -z**3 + 3*z**2 - z - 1. Calculate n(s).
-4
Let c(o) = o**3 - 9*o**2 + 6*o + 10. Let q = -177 - -185. Calculate c(q).
-6
Let t(z) = z**2 - 10*z + 2. Suppose -3*v + 11 = -19. Determine t(v).
2
Let m(w) = -w. Suppose -o = -6*o + 25. Let u(t) = t**2 - 2*t - 5. Let d be u(o). Suppose 0 = 2*a - 0*a - d. Calculate m(a).
-5
Let i(r) be the first derivative of -r**5/20 - r**4/24 + 3*r**3 + 4. Let k(a) be the third derivative of i(a). Give k(1).
-7
Let o(n) = -n**2 - 11*n - 28. Let v = 795 + -798. What is o(v)?
-4
Suppose -5*n + 4 = -n. Let c(y) = -18*y + 2*y - n + 6*y. Determine c(-2).
19
Let o(g) = -9*g + 15 + 12 - 28. Determine o(1).
-10
Let k(x) be the second derivative of 1/8*x**4 + 3*x - 1/120*x**6 + 0 + 3*x**2 + 1/2*x**3 - 1/15*x**5. Let q(d) be the first derivative of k(d). Give q(-4).
-9
Let h(o) = -6*o + 7. Let r(g) be the second derivative of g**3/6 - g**2/2 + 26*g. Let y(u) = -2*h(u) - 11*r(u). Suppose 0 = -n - 0*n. What is y(n)?
-3
Let y(l) = 2 - 4 + 0*l + 5*l**2 + 0*l - 6*l**2. Calculate y(-3).
-11
Let x(b) = -7*b - 42. Let u be x(-6). Let v(g) be the third derivative of 1/3*g**3 + g**2 + 1/24*g**4 + u*g + 0. What is v(-6)?
-4
Let p(f) = -f**3 + 6*f**2 + f + 1. Suppose 0 = -z - 5*d + 31, 2*d + 22 = 2*z + 4*d. Calculate p(z).
7
Let c(w) = -w**3 + 4*w**2 - 2*w - 3. Suppose -42 - 18 = 2*m. Let u be (12/(-10))/(9/m). Determine c(u).
-11
Let z(k) = -3*k + 7. Suppose -4*d - 6*p + 7*p + 29 = 0, 0 = -5*d - 3*p + 15. Determine z(d).
-11
Let w(f) = f**2 - 5*f + 1. Let m(r) = -2*r**2 + 6*r - 1. Let b(h) = -5*m(h) - 6*w(h). Suppose 5 = -5*n + 3*s, 6*s = 11*s. Determine b(n).
3
Suppose -3*l - 6 = b - 6*l, -5*b - 3*l = -42. Let s(z) = z**3 - 5*z**2 - 7*z + 3. Let o be 18/2 + 2 + -5. Let p(h) = -1. Let x(g) = o*p(g) - s(g). What is x(b)?
-3
Suppose t = -5*q - 3*t - 20, 3*q = 6*t - 12. Let n(s) = 15*s + 64. Determine n(q).
4
Let f = 7 + -8. Let g(r) be the third derivative of -2*r**5/15 - r**4/24 - 154*r**2. Give g(f).
-7
Suppose -3*w - 128 = -11*w. Suppose w*o + 1 = 65. Let m(r) = r**3 - 5*r**2 + 3*r + 3. Determine m(o).
-1
Suppose -5*h + 22 - 7 = 0. Let u(i) be the second derivative of 1/2*i**2 - 7/6*i**h + 0 + 3*i. Calculate u(-1).
8
Let f(v) = -2*v**3 - 2*v**2 + 5*v. Let z(a) = -a**3 + a. Suppose u - 1 = -0*u. Let l(o) = u*z(o) - f(o). Calculate l(-3).
3
Let b = -8 + 3. Let p(o) = 55710 - 55700 - 3*o + 4*o. Determine p(b).
5
Let d(o) = 1 + 4*o**2 + 0*o**2 - 45*o**3 + 2*o + 44*o**3. Let b be (-42)/(-9) + 51/(-9) + 5. What is d(b)?
9
Let p be 2772/(-198) + (-1)/(2/(-2)). Let d(i) = -i**2 - 12*i + 7. Determine d(p).
-6
Let o be (2 + -2)/(-54 + 57). Let k(i) be the third derivative of o - 5/24*i**4 - 1/2*i**3 + 0*i - 1/120*i**6 - 1/10*i**5 + i**2. Determine k(-5).
-3
Suppose -q = 3*p - 3 - 9, 2*q = -3*p + 15. Let x(c) = 1 + 5*c + 0 - 2*c + q*c. Calculate x(1).
7
Let t(w) = w + 8. Let g(h) = h**3 + 11*h**2 + 32*h + 64. Let x be g(-8). Determine t(x).
8
Let w(a) = 20*a**3 - a - 3*a**2 + 2 - 37*a**3 + 18*a**3. Let x be w(2). Let z(d) = d + 4. What is z(x)?
0
Let r(l) be the third derivative of -l**6/120 - 3*l**5/20 - l**4/24 - 8*l**3/3 - 14*l**2. Let k be r(-9). Let q(c) = -2*c + 4. Give q(k).
18
Let p(o) = -o - 1. Let s(a) be the first derivative of 5*a**2/2 - a - 5. Let y(g) = 2*p(g) - s(g). Let r = -1 + 2. What is y(r)?
-8
Suppose -6*j - 35 = -59. Let k(z) = -z + 2. Calculate k(j).
-2
Let x(z) = 7 + 7 - 11 - 2 + 5*z. L